 -d**8/6720 + d**7/504 + d**6/120 + 7*d**5/120 - d**4/4 - 5*d. Let a(g) be the third derivative of c(g). What is a(6)?
7
Let x = 7 + -14. Let i = x + 11. Let q(r) = -r**2 + 3*r + 4. Calculate q(i).
0
Let q(v) = -2*v**3 - v. Let y(i) = i**3 + 5*i**2 + 5*i + 3. Let a be ((-9)/(-9))/(1/(-4)). Let k be y(a). Calculate q(k).
3
Suppose 3*a - 12 = 4*a. Let c = 7 + a. Let v(b) = 5*b**2 + 7 + b**3 + 2*b**2 - b**2 + 7*b. Calculate v(c).
-3
Let m be -1*(-1 - 0)*-3. Let k(r) = r**3 + 4*r**2 + 2*r + 3. What is k(m)?
6
Let x(z) = -z**2 - 8*z - 8. Let s be x(-6). Let c(a) = -2 - 6*a**2 + a**2 + 4*a**2 + 4*a. What is c(s)?
-2
Suppose 0 = 7*h - 2*h + 35. Let s(b) = b**3 + 8*b**2 + 6*b - 3. Let l be s(h). Let p(w) = w**2 - 3*w + 2. Calculate p(l).
6
Let u = 2 + -3. Let s = 4 + -2. Let p(x) = -1 - x + s*x - 4*x. What is p(u)?
2
Let h(n) = -30*n + 3 + 1 + 30*n - n**2. Calculate h(3).
-5
Let w = -33 - -29. Let m(q) = -q**3 - 4*q**2 + 6*q + 1. Determine m(w).
-23
Let a = 5 - -2. Let t = -11 + a. Let k(m) = 3*m**2 - m - 2. Let h(y) = -y**2 - y + 1. Let s(g) = t*h(g) - k(g). What is s(-5)?
-2
Let l(f) = -4*f + 100. Let n be l(24). Let d(i) be the third derivative of -2*i**2 - 2/3*i**3 + 1/12*i**n + 0*i + 0. Give d(4).
4
Let s(d) be the second derivative of -d**3/6 - d**2 + 30*d. Calculate s(5).
-7
Let d(f) be the third derivative of f**9/60480 + f**8/3360 + f**7/1680 - f**6/720 - f**5/60 - f**2. Let c(b) be the third derivative of d(b). Determine c(-5).
9
Let x be -12*2/(-3 - 1). Let m(r) be the third derivative of -1/3*r**3 + 5/24*r**4 - 1/60*r**5 - r**2 + 0*r + 0. Calculate m(x).
-8
Let x(u) = -u**2 - 9*u - 12. Let f be (-4 - 100/(-15))*-3. Determine x(f).
-4
Suppose 5*m = -5 + 20. Suppose -m*g - 3 = -0. Let u(h) = -2*h**2. Determine u(g).
-2
Let s(d) = -5*d - 6*d**3 + 4*d + 4 + 7*d**3 - 2*d**3. Let g = -38 + 38. Calculate s(g).
4
Let w be (-30)/50 - 66/(-10). Let t(l) = -17*l + 24. Let z(i) = -4*i + 6. Let p(n) = 2*t(n) - 9*z(n). Calculate p(w).
6
Suppose 0*n + 4*n - 12 = 0. Let c(k) = k**3 - 3 - n*k + 4*k**2 - 3*k**2 + 3 + 2. What is c(-3)?
-7
Let l = 19 - 19. Let f(d) = -d**2 - d - 2. Calculate f(l).
-2
Let b(l) be the first derivative of -l**4/4 - l**3/3 + l**2/2 + 23. Calculate b(-2).
2
Let z(t) be the third derivative of t**5/60 - 7*t**4/24 - 7*t**3/6 + 44*t**2. Suppose 0 = -4*n - n + 30. Determine z(n).
-13
Let y = -1 - -1. Suppose y = -3*t + 7*t. Let m(d) = 4*d + t + 4 - 3. Give m(-2).
-7
Let j be (1 - 5)*(1 - 0). Let v = j + 10. Suppose -y = -v*y. Let d(x) = -x**2 - x - 3. Give d(y).
-3
Suppose -6 = -j - 0*j + 5*g, -3*j = -2*g - 5. Let x be (-2)/j - (-8)/2. Let r(m) = 2*m**3 - 2*m**2 + 2*m - 3. Determine r(x).
9
Let d(l) = 0 + 6*l - 2*l**2 + 2 + l**2. Let q be ((-1)/2)/((-2)/24). Determine d(q).
2
Let o(q) be the third derivative of q**4/24 + q**3/2 - 46*q**2. Determine o(-4).
-1
Suppose n + 5 = 3*u - 2*u, -1 = u + n. Let v(k) = -k + 4 - 6 + u + 1. What is v(-6)?
7
Let x(y) = y**2 - 9*y. Suppose -36 = -21*u + 17*u. Determine x(u).
0
Let x(m) = -7 - 6*m + 2*m**2 - 6*m**2 + m**3 - 2*m**2 + m**2. Determine x(6).
-7
Let d be 1 + 0 + -8 + 1. Let b(v) be the first derivative of -v**4/4 - 7*v**3/3 - 5*v**2/2 + 5*v - 18. Calculate b(d).
-1
Let c = -144 + 144. Let v(u) be the first derivative of 3/2*u**2 + c*u + 4. Calculate v(2).
6
Let x(s) = -2*s**2 - s + 7*s + 3*s**2 - 2*s - 8. Let i be x(-6). Let q(c) = -c**3 + 5*c**2 - 7*c + 5. Calculate q(i).
-7
Let h(i) = 22 + 4*i + i**2 + 18 - 42. Calculate h(-4).
-2
Let m be -3 - 32/(-12)*3. Suppose m*h = -4*w - 30, -3*w = h + 10 + 7. Let y(j) = j**2 + 3*j - 3. What is y(w)?
7
Let u(s) = -21 - s**3 + 12*s**2 - 9*s + 26 - 23*s**2. What is u(-10)?
-5
Suppose -4*i - 5 = -1. Let c(r) = 4*r**2. Determine c(i).
4
Let u(l) = -3*l + 8. Let w(j) = -j + 1. Let t(o) = -u(o) + 6*w(o). Determine t(6).
-20
Suppose -28 = -4*w - 4*m, -2*m + 7 = 5*w - 34. Suppose -4*t + w*t - 35 = 0. Let r(q) = t - q - 4 + 0*q. Calculate r(4).
-1
Let b(l) = -l**3 + 4*l**2 - 3*l + 4. Let s be b(3). Suppose -12 = -s*z + z. Let a(w) = -z*w**3 - 2*w**2 + 3*w**3 + 0*w**2 - 1 + w. Calculate a(-2).
-3
Suppose 0 = d - 2*t - 0*t - 9, 4 = -4*t. Let i = d + -5. Suppose 2*w = 0, i*o - 10 = -0*o - 4*w. Let g(q) = 3*q - 4. Determine g(o).
11
Let t(y) = -y**2 + 7*y - 5. Let u(g) = -g - 12. Let j be u(-14). Suppose -5 = j*n - 15. Determine t(n).
5
Let c be ((-8)/(-8))/(4 + -3). Let r(q) = 2*q + 1. Give r(c).
3
Let y(a) = -a**2 - 6*a + 1. Let t be y(-7). Let l be (-8)/t*9/6. Let x(f) = -f + f**3 - l*f - 3 - f. Give x(-2).
-3
Let s(p) = -p**3 - 5*p**2 - 4*p - 6. Let b(o) = -o + 11. Let t be b(7). Suppose 15 = -t*u - 1. Give s(u).
-6
Let i(n) = -4*n**2 + 2*n**2 - 2*n**2 + n**3 + 3*n + 1. Let a be i(3). Suppose a = -6*s + 5*s. Let c(b) = -2*b + 1. Calculate c(s).
3
Let h(u) be the first derivative of -5*u**2/2 - 4*u - 32. Give h(-3).
11
Let z(f) = 3 + 2 + 6*f + 2*f**2 - 1 - f**2. Let h be (2 - (-48)/(-15))*5. Give z(h).
4
Suppose 9 - 7 = d. Let y(m) = -m**d + 31 + 2*m**2 - m**3 - 30 + 3*m. Determine y(3).
-8
Let v = 32 - 26. Let z(n) be the third derivative of 2*n**2 + 0*n**4 + 0*n + 1/60*n**5 + 1/120*n**v + 0*n**3 + 0. Calculate z(-2).
-4
Let x(i) = -i**2 + 5*i + 3. Let f be x(5). Let d(p) = -4*p - 3 + 6*p + p**f - 2*p + 5*p**2 + p. Determine d(-5).
-8
Suppose -2*d + 3 = 3*b, 6*d = b + 9*d - 1. Let y(a) = -3*a - 1. Determine y(b).
-4
Let t = 7 + -10. Let n(g) = 3*g + 2. Let h(p) = 4*p + 2. Let k(x) = t*n(x) + 2*h(x). What is k(-5)?
3
Let g(c) = 3*c + 3. Suppose -15 + 3 = -3*s. Suppose 2*q = -8, q = -s*j - q + 4. Give g(j).
12
Let j(x) = 7*x**3 - x**2 + x - 1. Let n(f) = f**3 + 0*f**3 + 6*f + 1 - 5 - 6*f**2. Let h be n(5). Calculate j(h).
6
Let s(r) = r**3 + r**2. Let x be s(-1). Let v(y) = -y**2 + y + 13. Give v(x).
13
Let g(h) = h - 4. Let d(i) = -10*i**2 + 7 - 6*i**3 - 1 + 7*i**3. Let x = -14 - -24. Let p be d(x). Determine g(p).
2
Let y = 20 - 18. Let f(j) = -2*j + 2. What is f(y)?
-2
Let o(s) be the first derivative of 0*s**3 - 7/4*s**4 - s + 2 + 0*s**2. Calculate o(-1).
6
Let h(x) = x**2 + 4*x + 6. Suppose 5*j = 2*i + 4, 1 + 7 = 4*j. Suppose 0*f + f - 4*a + 20 = 0, 2*a = -i*f - 4. What is h(f)?
6
Let w(l) be the third derivative of -l**5/60 - 4*l**2. Let q = 0 - 0. Suppose -a - 2 - 1 = q. Give w(a).
-9
Let g(y) = -6*y. Let r(s) be the first derivative of -7*s**2/2 + s + 1. Let z(v) = -4*g(v) + 3*r(v). Determine z(-2).
-3
Let u(p) = -p**2 - 5 + p**3 + p - 4 + 16 - 5. Give u(2).
8
Let z(f) be the third derivative of f**4/12 - f**3/2 + 6*f**2. Determine z(4).
5
Let p(n) be the second derivative of -n**6/120 + n**5/12 - n**4/4 + 2*n**3/3 - 5*n**2/2 - 4*n. Let c(y) be the first derivative of p(y). Determine c(4).
-4
Let r(y) = 0 + y**2 - y - 3 + 0*y**2. Let b be r(3). Let o(l) = 2*l + 1 + 2*l**b - 4*l**3 + 2 - 2*l**2. Calculate o(-2).
7
Let x(y) be the first derivative of -4/3*y**3 + 2 + 0*y + 2*y**2. Let o(w) = w**2. Let t(s) = -5*o(s) - x(s). Give t(-4).
0
Let r(i) be the third derivative of -i**5/60 + i**4/4 + i**3/6 - 26*i**2. What is r(6)?
1
Let m(y) = 3*y**3 + 7*y**2 + 7*y + 9. Let n(z) = 4*z**3 + 10*z**2 + 10*z + 13. Let v be 306/42 + 2/(-7). Let l(u) = v*m(u) - 5*n(u). What is l(2)?
0
Let z = -11 + 6. Let u(q) be the second derivative of -q**4/12 - 5*q**3/6 + 3*q**2 - 2*q. Give u(z).
6
Let k = 4 - 4. Let s be 2*3/12*k. Let q(c) = c**3 + c**2 - 1. Let a be q(s). Let h(i) = 2*i**2 + 1. Calculate h(a).
3
Let v(d) be the first derivative of 1 + 12*d - 2 - 8 - 5*d**2 - 13*d. Give v(1).
-11
Let h(u) = -24 + 9*u - 16 + 41. Give h(1).
10
Let g(b) = b**2 + 7*b + 4. Let c = 140 + -143. Determine g(c).
-8
Let l(g) be the second derivative of g**4/24 + g**3/2 - g**2/2 - 3*g. Let y(h) be the first derivative of l(h). Give y(0).
3
Let a(f) = -4*f + 1. Suppose 10 = 4*b + 5*q - 4*q, -4 = 3*b - 5*q. Give a(b).
-7
Let p(l) = -4*l**2. Let v = -2 - -7. Suppose 3*n + v = 2. What is p(n)?
-4
Let w(l) be the first derivative of l - 3/2*l**2 - 6. Give w(-3).
10
Let y(u) = -u**2 - u - 3. Let a(j) = -j**3 + 2*j**2 - j - 1. Suppose 0 = p - f + 1 + 1, 5*f = 20. Let h be a(p). Determine y(h).
-9
Let j(n) be the first derivative of -n**3/3 - 7*n**2/2 - 8*n + 14. What is j(-6)?
-2
Let h(b) = -b**2 - 3*b - 2. Suppose 2*d + 2 = 18. Let g = 4 - d. Give h(g).
-6
Let r(g) = g**3 + 4*g**2 - 4. Let 